{"id":4583,"date":"2022-07-05T12:32:17","date_gmt":"2022-07-05T10:32:17","guid":{"rendered":"https:\/\/accroch-notes.fr\/?page_id=4583"},"modified":"2022-07-05T12:32:18","modified_gmt":"2022-07-05T10:32:18","slug":"neo-les-choeurs-2022-ecole-de-musique-de-neufchateau-et-ensemble-vocal-du-saintois","status":"publish","type":"page","link":"https:\/\/accroch-notes.fr\/index.php\/neo-les-choeurs-2022-ecole-de-musique-de-neufchateau-et-ensemble-vocal-du-saintois\/","title":{"rendered":"N\u00e9o les Ch\u0153urs 2022 &#8211; Ecole de Musique de Neufch\u00e2teau et Ensemble vocal du Saintois"},"content":{"rendered":"<a class=\"continue-reading-link\" href=\"https:\/\/accroch-notes.fr\/index.php\/neo-les-choeurs-2022-ecole-de-musique-de-neufchateau-et-ensemble-vocal-du-saintois\/\"><span>Lire la suite...<\/span><em class=\"screen-reader-text\">\"N\u00e9o les Ch\u0153urs 2022 &#8211; Ecole de Musique de Neufch\u00e2teau et Ensemble vocal du Saintois\"<\/em><i class=\"icon-angle-right\"><\/i><\/a>","protected":false},"excerpt":{"rendered":"<p>Lire la suite&#8230;\u00a0\u00bbN\u00e9o les Ch\u0153urs 2022 &#8211; Ecole de Musique de Neufch\u00e2teau et Ensemble vocal du Saintois\u00a0\u00bb<\/p>\n","protected":false},"author":1,"featured_media":0,"parent":0,"menu_order":0,"comment_status":"closed","ping_status":"closed","template":"","meta":{"footnotes":""},"class_list":["post-4583","page","type-page","status-publish","hentry"],"_links":{"self":[{"href":"https:\/\/accroch-notes.fr\/index.php\/wp-json\/wp\/v2\/pages\/4583","targetHints":{"allow":["GET"]}}],"collection":[{"href":"https:\/\/accroch-notes.fr\/index.php\/wp-json\/wp\/v2\/pages"}],"about":[{"href":"https:\/\/accroch-notes.fr\/index.php\/wp-json\/wp\/v2\/types\/page"}],"author":[{"embeddable":true,"href":"https:\/\/accroch-notes.fr\/index.php\/wp-json\/wp\/v2\/users\/1"}],"replies":[{"embeddable":true,"href":"https:\/\/accroch-notes.fr\/index.php\/wp-json\/wp\/v2\/comments?post=4583"}],"version-history":[{"count":1,"href":"https:\/\/accroch-notes.fr\/index.php\/wp-json\/wp\/v2\/pages\/4583\/revisions"}],"predecessor-version":[{"id":4602,"href":"https:\/\/accroch-notes.fr\/index.php\/wp-json\/wp\/v2\/pages\/4583\/revisions\/4602"}],"wp:attachment":[{"href":"https:\/\/accroch-notes.fr\/index.php\/wp-json\/wp\/v2\/media?parent=4583"}],"curies":[{"name":"wp","href":"https:\/\/api.w.org\/{rel}","templated":true}]}}

Néo les Chœurs 2022 &#8211; Ecole de Musique de Neufchâteau et Ensemble vocal du Saintois

<a class="continue-reading-link" href="https://accroch-notes.fr/index.php/neo-les-choeurs-2022-ecole-de-musique-de-neufchateau-et-ensemble-vocal-du-saintois/"><span>Lire la suite...</span><em class="screen-reader-text">"Néo les Chœurs 2022 &#8211; Ecole de Musique de Neufchâteau et Ensemble vocal du Saintois"</em><i class="icon-angle-right"></i></a>

<p>Lire la suite&#8230; »Néo les Chœurs 2022 &#8211; Ecole de Musique de Neufchâteau et Ensemble vocal du Saintois »</p>
